osite number?
False
Let j(n) = 23*n - 8 + 8*n - 2. Suppose 75*r = 67*r + 40. Is j(r) composite?
True
Suppose -5*q + 12 + 24 = 3*x, 2*q + 60 = 5*x. Is 454/12 - (-2)/x a prime number?
False
Is -44*(-758)/8 - -8 a prime number?
True
Let g(b) = 5*b**3 + 13*b**2 + 6*b - 25. Is g(11) a composite number?
False
Let a = -2709 + 4883. Is a prime?
False
Let q be (-16)/4*(-10 - 0). Suppose q*v - 35*v = 2245. Is v prime?
True
Let a be 2/3 - 12/(-9). Let b be a + 0 + 1 - 1. Suppose 43 = -b*m + 3*m. Is m composite?
False
Suppose -2*w - g = -1351, -3*w - 680 = -4*w + g. Is w composite?
False
Suppose -5*q = -9*q. Let d = q + 4. Suppose d*c - 38 = 5*k + 149, 2*c + 3*k = 121. Is c a composite number?
False
Let t = -242 - -686. Let b = -396 - -380. Is ((-52)/b)/(3/t) a prime number?
False
Let p = -19109 + 29242. Is p a composite number?
False
Is (0 + (-114035)/(-10))*-1*-2 a prime number?
True
Let n = 11 - 6. Suppose 0*h - n*h + 25 = 0. Suppose 0 = 3*k - h*k + 638. Is k composite?
True
Suppose 3*m + z - 6 = 11, 4*m - 2*z = 16. Suppose 726 - 191 = m*j. Suppose -u = -106 - j. Is u a composite number?
True
Let n(f) = -800*f + 2. Let g be n(-2). Let i be 3 + 3 + -2 + g. Let q = i - 1121. Is q composite?
True
Suppose 7*d + 72 - 23 = 0. Is 38/133 + (-12605)/d composite?
False
Suppose 5*v = -2*l + 10, 0 = -5*l + 3*v - 6*v + 6. Suppose -4*a = -l*a - 2452. Is a composite?
False
Let s(d) = 4*d + 9. Let b be s(-4). Is (-4)/b + (-2403)/(-21) composite?
True
Suppose -5*m + 13 = -p - 1, 0 = -5*m - 3*p + 18. Let q be 1/1 - (3 - 4 - 3). Suppose 0 = s + c - m*c - 187, 0 = -s - q*c + 159. Is s a prime number?
True
Suppose 34*k + 3 = 35*k. Suppose -4*p = -2*v + 126, 2*p - 135 = -2*v - k*p. Is v a composite number?
True
Suppose 2*r + j + 50596 = 4*r, 3*j = -6. Is r composite?
True
Let u(t) = -t**3 - 7*t**2 - 9*t - 5. Let q be u(-6). Let v = q + -10. Suppose 16 = -2*a + 4*j + 102, a + v*j - 68 = 0. Is a prime?
True
Suppose -246 = -6*i - 2220. Let u = -795 - i. Is (5/(10/u))/(-1) a composite number?
False
Let v = 1979 - -1964. Is v prime?
True
Let f be ((-10)/4)/(1/(-2)). Let o(g) = g**3 + 8*g**2 - 4*g - 28. Let x be o(-8). Suppose -4*h - x*m - 150 + 794 = 0, 3*h - 479 = -f*m. Is h prime?
True
Suppose 10*h + 3105 - 60475 = 0. Is h composite?
False
Let x(o) = 2*o - 9. Let q be x(3). Is q + 964 + -2 - 1 a prime number?
False
Let r(a) be the third derivative of a**3/6 + 5*a**2. Let f(b) = -22*b**2 - b + 4. Let y(l) = -f(l) + 3*r(l). Is y(1) a prime number?
False
Is 1*(-2)/12 - 7062837/(-306) composite?
False
Is (8 - 6)/((-7)/(4270/(-4))) composite?
True
Let j = -4 - -8. Is 465*(j + (-20)/12 - 2) a composite number?
True
Is 8 + 1256 + (-7)/1 a composite number?
True
Let s = 956 + 405. Is s prime?
True
Suppose m = -5*l + 19044, 5*l + 3807 = 6*l + 2*m. Is l prime?
False
Is (15787/4)/(31/372) composite?
True
Is (-3 - -2)*(28/7 + -4725) composite?
False
Suppose -10 = d - 3*w, -2*d - w + 4*w = 8. Is 7096/(-12)*(-9)/12*d prime?
True
Suppose -5*t = 2*w - 28465, -3*t = -w + 3*w - 17075. Let p = t + -4038. Is p a composite number?
False
Suppose 11*f - 4215 = 6*f. Suppose -2*g + 1667 = -f. Is g a prime number?
False
Let p(b) = -319*b - 166. Is p(-3) composite?
True
Let p = 9870 - 4081. Is p composite?
True
Let r be (4 - 1 - 2)/(-2 - -1). Is 149*(2 + -3)*r composite?
False
Let k = -604 + 913. Suppose -4*m + k + 39 = 0. Is m a composite number?
True
Let j = -2555 - -4068. Is j a prime number?
False
Let a(q) = 10*q**2 - 368*q + 101. Is a(70) a composite number?
True
Suppose -7*l = -2*l - 2030. Let p = l + -215. Is p composite?
False
Let p(m) be the third derivative of -m**6/60 - m**3/6 + 3*m**2. Let j be p(1). Is (-1)/(2*j/78) prime?
True
Suppose 0*o - o = -5*g - 15, 4*g = -2*o - 12. Let x(d) = -5645*d**2 - 4 + 2800*d**2 - 3*d + 2939*d**2. Is x(g) a composite number?
True
Suppose 5*o - 34 = 3*g, 5*o = g + 10 + 18. Let k be (-400)/15*6/(-4). Suppose -317 - k = -d - 4*x, -5*x + 1860 = o*d. Is d composite?
True
Let b(w) be the second derivative of w**4/8 + 5*w**3/2 - 3*w**2/2 + 5*w. Let c(x) be the first derivative of b(x). Is c(6) prime?
False
Let w(c) = -c**2 - c - 25. Let y be w(-18). Let f = -140 - y. Is f a composite number?
False
Suppose 3*o + 5*l - 3 = 47, 3*o = 5*l + 10. Is 3784/o - 9/(-15) prime?
True
Let a(d) = -d**3 - 1. Let l be a(0). Let z(c) be the second derivative of -148*c**3/3 - c**2/2 + 123*c + 2. Is z(l) a prime number?
False
Suppose 7 - 2 = 5*v. Is (-6)/(-3) + v/((-3)/(-873)) a composite number?
False
Let z be (-3 - -16)*2 - 1. Let v = z + -18. Suppose -8*a = -v*a - 895. Is a a composite number?
True
Let f(n) = 3*n**3 - 7*n**2 + 2*n + 1. Suppose 2*a + 28 = -3*c, -a + 8 = -5*a. Let g(s) = -s - 3. Let b be g(c). Is f(b) prime?
True
Is (-181135)/(-15) + 3 + (-5)/3 composite?
True
Suppose 0 = 5*y - 3*n - 52, -28 = y - 3*y + 3*n. Suppose d - 5283 = -y*d. Is d composite?
False
Let j(i) = -2*i - 2. Let m be j(-2). Let s = 28 - 65. Is (s - m)/((-12)/8) prime?
False
Let j be (-5)/((-20)/(-3562))*2. Let l = -1020 - j. Let i = l - 12. Is i a prime number?
False
Let h = 6427 - 3176. Is h a prime number?
True
Suppose -2 = -3*h + 1. Let g be 2/h + -6 - -624. Suppose 4*s = -0*s + g. Is s a prime number?
False
Let v(b) = -36*b + 14. Let u be 10*4/(-8)*3. Is v(u) prime?
False
Suppose -11*r = -36018 - 60683. Is r a prime number?
False
Let x = 9 - 9. Suppose x + 30 = -5*h. Is (44 - h/2) + 0 prime?
True
Let o(k) = -686*k + 609. Is o(-7) a prime number?
False
Let v(o) = -4*o**3 + 4*o**2 - 5*o - 5. Let r(y) be the second derivative of -y**3/3 - 4*y. Let m be r(2). Is v(m) prime?
False
Let n(m) = -33*m + 19. Suppose 9*g - 3*g - 30 = 0. Suppose g*i + 45 + 25 = 0. Is n(i) prime?
False
Let b(d) = -20271*d - 22. Is b(-1) composite?
False
Suppose h - 5*h + 3372 = 0. Let b = -302 + h. Is b composite?
False
Let n(l) = 12*l**2 - 309 + 305 + l**2 - 10*l. Is n(-5) prime?
False
Let s = -20 - -22. Let r(n) = 32*n**s - 2 + 3 + 0 + 2*n. Is r(3) a prime number?
False
Let t = 8 + -9. Let j be (4*t)/(-2 - 0). Suppose -2*i = 3*i + 3*l - 1034, -3*l - 401 = -j*i. Is i prime?
False
Let x(w) = 3292*w**2 + 3*w - 1. Let f be x(1). Suppose -139 = 5*c - f. Is c a composite number?
False
Let d be (4 + (-8)/3)*-51. Let a be d/(-85)*(-410)/4. Let z = a - -237. Is z prime?
False
Let m = 60 + -56. Suppose m*n - 3*w - 1144 = w, n + 4*w = 311. Is n a composite number?
True
Let j be 6/(-9)*-3*2554. Suppose 28*t = 32*t - j. Is t prime?
True
Let v = -7650 + 13601. Is v composite?
True
Let v(w) = 122*w - 26. Let n be v(-13). Let f = -585 - n. Is f a composite number?
True
Suppose 0 = -k - 12*k + 4511. Is k a prime number?
True
Is ((-449)/(-3) + -1)/((-120)/(-4140)) a composite number?
True
Suppose 6*g = 3*g + q + 47, 3*q - 69 = -5*g. Is g prime?
False
Is (52654/21)/(4/6) a composite number?
False
Let m = 39 + -29. Let r(v) = v**3 - 11*v**2 + 9*v + 14. Let j be r(m). Is 842/j - (-3)/6 prime?
True
Is 8 + 309617/110 + 6/20 prime?
False
Let v be (-9)/2*(-9)/(27/4). Is (-23020)/60*v/(-2) prime?
True
Let b(s) = -s**2 + 8*s - 7. Let r be b(6). Suppose r*k = 586 - 106. Suppose 5*a - k = -3*f, -2 = 3*a + 7. Is f a prime number?
True
Let l be (2 + 132)*(-5 + (-162)/(-4)). Suppose -b + 6371 = 4*g - 2*b, -l = -3*g + 5*b. Is g composite?
True
Suppose -5944 = -4*x - 4*f, 5*f = -2*x - 2*x + 5949. Is x a composite number?
False
Let b be -3 - 1546*3/(-6). Is -2*9/(-6) + b/5 a composite number?
False
Let f(a) = 32*a - 15. Let g be f(13). Suppose -b + 3*i - 53 = -255, 2*b - 3*i - g = 0. Is b a composite number?
False
Is -5 - (-7 + 1239)*-2 composite?
False
Suppose -611 = -2*b - 2743. Let h be (2 + 0)*-1 - b. Suppose -3*z - h = -2*d - 5*z, -4*d + z = -2143. Is d a composite number?
True
Let i be -3 + 11/3 + (-12)/(-9). Let p(d) = d**2 + 5*d + 2. Let a be p(-5). Suppose i*r - 1228 = -a*r. Is r prime?
True
Let p be (15/(-6) - 0)/((-1)/8). Suppose -p*m = -24*m + 5816. Is m composite?
True
Suppose 0 = 5*n + 59 + 6. Let a = n - -44. Is a a composite number?
False
Let t(o) = -1315*o + 6. Let w be t(-3). Suppose -7*l + 340 = -w. Is l a prime number?
True
Suppose -3*k + 4*p - 389 = 0, 0 = -4*k - 5*p - 709 + 149. Let r be (-376620)/k + (-2)/(-9). Let v = r + -1979. Is v a composite number?
False
Let s = 172927 - 56384. Is s prime?
False
Suppose 0*p - 4 = -p. Suppose